6
Calculate the remainder when 1534030 is divided by 383507.
2
Calculate the remainder when 36199493 is divided by 799.
798
What is the remainder when 2924406 is divided by 718?
710
What is the remainder when 1267611 is divided by 870?
21
What is the remainder when 49722 is divided by 374?
354
Calculate the remainder when 14588971 is divided by 13.
7
Calculate the remainder when 20861 is divided by 20261.
600
Calculate the remainder when 1181668 is divided by 236312.
108
Calculate the remainder when 14827587 is divided by 52.
47
What is the remainder when 6546882 is divided by 447?
120
Calculate the remainder when 6906409 is divided by 1381281.
4
Calculate the remainder when 27198 is divided by 12833.
1532
Calculate the remainder when 98330 is divided by 32755.
65
What is the remainder when 866823 is divided by 4491?
60
What is the remainder when 422665 is divided by 33?
1
Calculate the remainder when 137153 is divided by 223.
8
Calculate the remainder when 191664 is divided by 11973.
96
What is the remainder when 5647772 is divided by 187?
185
What is the remainder when 48062 is divided by 534?
2
Calculate the remainder when 14771 is divided by 1636.
47
What is the remainder when 202454 is divided by 11222?
458
Calculate the remainder when 296916 is divided by 29690.
16
Calculate the remainder when 1243615 is divided by 6478.
6317
Calculate the remainder when 120461066 is divided by 177.
176
Calculate the remainder when 114835 is divided by 883.
45
Calculate the remainder when 308789 is divided by 395.
294
Calculate the remainder when 107421630 is divided by 4.
2
What is the remainder when 295238 is divided by 147566?
106
Calculate the remainder when 3921990 is divided by 5300.
5290
Calculate the remainder when 6577730 is divided by 168653.
263
Calculate the remainder when 8445 is divided by 4181.
83
Calculate the remainder when 12008801 is divided by 4002932.
5
What is the remainder when 2014907 is divided by 1657?
1652
Calculate the remainder when 3089359 is divided by 92.
91
What is the remainder when 90502 is divided by 14993?
544
Calculate the remainder when 16264 is divided by 15214.
1050
What is the remainder when 7553739 is divided by 1258954?
15
What is the remainder when 11215436 is divided by 171?
59
What is the remainder when 964930 is divided by 2149?
29
Calculate the remainder when 46373503 is divided by 58.
9
What is the remainder when 253078 is divided by 126450?
178
What is the remainder when 11396117 is divided by 65?
57
Calculate the remainder when 703596 is divided by 31.
20
Calculate the remainder when 1961950 is divided by 39.
16
Calculate the remainder when 8986666 is divided by 14928.
10
Calculate the remainder when 479673 is divided by 715.
623
What is the remainder when 88419 is divided by 423?
12
Calculate the remainder when 32050360 is divided by 10795.
5
What is the remainder when 190480319 is divided by 15?
14
What is the remainder when 41723 is divided by 20715?
293
Calculate the remainder when 1483463 is divided by 544.
519
Calculate the remainder when 45651867 is divided by 1004.
991
Calculate the remainder when 6409633 is divided by 2136544.
1
What is the remainder when 8478013 is divided by 223?
222
What is the remainder when 2742 is divided by 173?
147
Calculate the remainder when 6513368 is divided by 124.
20
Calculate the remainder when 395711 is divided by 78772.
1851
What is the remainder when 1930035 is divided by 249?
36
What is the remainder when 1077897 is divided by 6615?
6267
Calculate the remainder when 674477 is divided by 24086.
69
Calculate the remainder when 101300 is divided by 295.
115
Calculate the remainder when 1308321 is divided by 68859.
0
Calculate the remainder when 1478940 is divided by 32865.
15
Calculate the remainder when 330222 is divided by 482.
52
Calculate the remainder when 13511346 is divided by 150126.
6
Calculate the remainder when 1397269 is divided by 9771.
16
Calculate the remainder when 1574797 is divided by 524647.
856
Calculate the remainder when 3090 is divided by 806.
672
What is the remainder when 73039195 is divided by 9129898?
11
What is the remainder when 52563319 is divided by 279?
277
What is the remainder when 2098869 is divided by 1107?
1104
Calculate the remainder when 325 is divided by 36.
1
Calculate the remainder when 5749927 is divided by 6564.
6427
Calculate the remainder when 29088 is divided by 7100.
688
Calculate the remainder when 58969 is divided by 58737.
232
What is the remainder when 9850237 is divided by 640?
637
What is the remainder when 1238032 is divided by 412528?
448
Calculate the remainder when 538925 is divided by 179627.
44
Calculate the remainder when 7359314 is divided by 13991.
48
What is the remainder when 25036626 is divided by 74736?
66
Calculate the remainder when 296342 is divided by 2118.
1940
Calculate the remainder when 58796 is divided by 8386.
94
Calculate the remainder when 3046905 is divided by 14041.
8
What is the remainder when 27445 is divided by 8747?
1204
Calculate the remainder when 1689 is divided by 649.
391
Calculate the remainder when 41169654 is divided by 83171.
9
Calculate the remainder when 77301773 is divided by 556.
537
Calculate the remainder when 62444 is divided by 241.
25
What is the remainder when 9755098 is divided by 334?
294
What is the remainder when 8904840 is divided by 8904837?
3
Calculate the remainder when 10243548 is divided by 113.
98
What is the remainder when 3175464 is divided by 138055?
199
Calculate the remainder when 1089979 is divided by 7158.
1963
What is the remainder when 3459861 is divided by 2322?
81
What is the remainder when 309766 is divided by 22126?
2
Calculate the remainder when 118408 is divided by 9813.
652
What is the remainder when 678924 is divided by 19?
16
What is the remainder when 215286432 is divided by 95?
92
Calculate the remainder when 2434962 is divided by 59383.
259
What is the remainder when 24541 is divided by 4389?
2596
Calculate the remainder when 16299971 is divided by 1131.
1130
Calculate the remainder when 5551 is divided by 891.
205
What is the remainder when 292901 is divided by 12716?
433
What is the remainder when 3956504 is divided by 6423?
6359
What is the remainder when 11407021 is divided by 278220?
1
Calculate the remainder when 1525083 is divided by 8533.
6209
Calculate the remainder when 51144567 is divided by 15.
12
Calculate the remainder when 21456 is divided by 5331.
132
Calculate the remainder when 808312 is divided by 404138.
36
Calculate the remainder when 34625435 is divided by 163.
160
What is the remainder when 89609696 is divided by 2913?
2903
What is the remainder when 545218 is divided by 36344?
58
Calculate the remainder when 66157 is divided by 65937.
220
Calculate the remainder when 577593 is divided by 15198.
69
Calculate the remainder when 54194 is divided by 5988.
302
Calculate the remainder when 4205 is divided by 4165.
40
What is the remainder when 316221946 is divided by 21?
19
Calculate the remainder when 1025115 is divided by 443.
13
Calculate the remainder when 2106215 is divided by 817.
806
What is the remainder when 5336219 is divided by 6057?
2
What is the remainder when 500953 is divided by 2411?
1876
Calculate the remainder when 19064773 is divided by 36663.
13
Calculate the remainder when 9229923 is divided by 71.
65
What is the remainder when 923611 is divided by 1776?
91
What is the remainder when 67192523 is divided by 1764?
1763
What is the remainder when 55229681 is divided by 3896?
3881
What is the remainder when 10065167 is divided by 138?
137
What is the remainder when 947108 is divided by 1399?
1384
Calculate the remainder when 156463 is divided by 6550.
5813
Calculate the remainder when 9214439 is divided by 3256.
3215
What is the remainder when 2692327 is divided by 69?
16
Calculate the remainder when 139947 is divided by 1667.
1586
Calculate the remainder when 473092 is divided by 40.
12
Calculate the remainder when 82665 is divided by 2511.
2313
Calculate the remainder when 901127038 is divided by 22.
20
What is the remainder when 74801057 is divided by 23?
20
What is the remainder when 207306 is divided by 51058?
3074
What is the remainder when 539333 is divided by 31?
26
What is the rem